-2*d - 3. Let f be p(-4). Suppose 0 = -5*l - f*b + 125, -5*b + 0*b + 75 = 3*l. Calculate the remainder when l is divided by 9.
7
Let n be (-3 + 4)/(2/(-22)). Let s = 43 - n. Suppose 0 = -4*r + r + s. Calculate the remainder when 35 is divided by r.
17
Let t(s) = s**2 - 4*s + 9. Suppose -15*w = -10*w - 30. What is the remainder when t(w) is divided by 6?
3
Let m be ((-3)/(-1))/3 + 2. Let c be (0 - 0)*(m + -2). Suppose -2*v + c*v = -36. Calculate the remainder when v is divided by 10.
8
Let d(n) = n**3 - 2*n**2 + n + 11. What is the remainder when 20 is divided by d(0)?
9
Let w = 33 - 17. What is the remainder when 91 is divided by w?
11
Let h = 21 - 18. What is the remainder when 10 is divided by h?
1
Let q = 19 + 1. Calculate the remainder when 98 is divided by q.
18
Let b = -17 + 30. Let r(s) = 26*s - 3. Calculate the remainder when r(1) is divided by b.
10
Let l(i) = -96*i**3 + 4*i**2 + 13*i - 4. Let v(b) = 24*b**3 - b**2 - 3*b + 1. Let m(w) = 2*l(w) + 9*v(w). What is the remainder when m(1) is divided by 12?
11
Let l = 3 - 7. Let a = l + 7. Suppose 2*h - 75 = 2*w - 21, -4*h = a*w - 94. What is the remainder when h is divided by 13?
12
Let i(j) = 3*j - 12. What is the remainder when i(9) is divided by 9?
6
Let b be (-2584)/20 + 1/5. Let x = -87 - b. Calculate the remainder when x is divided by 22.
20
Let s(y) = -y + 4. Let b be s(4). Let l(h) = 8*h + 2 + 3*h**2 - 4*h**2 + b*h**2. What is the remainder when 25 is divided by l(6)?
11
Suppose 5*u = 214 + 81. Suppose 4*a - 4*h = h + 215, -a - 4*h + u = 0. What is the remainder when a is divided by (-2)/5 + (-194)/(-10)?
17
Suppose -n + 3*d + 118 = 4, -3*n + 3*d + 318 = 0. Calculate the remainder when n is divided by 35.
32
Suppose 2*g - 27 = 19. Let h(w) = w**3 + 4*w**2 + 3. Calculate the remainder when g is divided by h(-3).
11
Suppose 5*f + 42 + 3 = 0. What is the remainder when (-291)/f - (-2)/3 is divided by ((-17)/(-1))/(1 + 0)?
16
Suppose -5*s - 4 = 2*p - 23, 4*s - 5*p - 35 = 0. Suppose 2*n + n = 6, -4*y + s*n = -102. What is the remainder when y is divided by 15?
13
Let k = -4 + -7. Let t = k - -28. Suppose 0*n + 2*n = 12. What is the remainder when t is divided by n?
5
Let b = 1 + 19. What is the remainder when (6/10 + (-42)/(-105))*37 is divided by b?
17
Let i = -4 - -6. Let f be 38/14 - 4/(-14). What is the remainder when 1/(f/(-18)*-2) is divided by i?
1
Let m = 12 - 4. Let f = -11 + 19. Suppose g + 3*i = 11, -g + f = 4*i + 1. What is the remainder when g is divided by m?
7
Suppose 0 = 3*r + 2*c - 7*c - 175, 175 = 4*r + 5*c. Calculate the remainder when r is divided by 17.
16
Let q be (-65)/10 - (-3)/2. Let o = 11 + q. What is the remainder when o is divided by 4?
2
Let g = -401 + 511. Let d = 47 + -19. What is the remainder when g is divided by d?
26
Let b(f) = -f**3 + 2*f**2 - 2*f + 14. What is the remainder when (-2 - 10)/((-2)/9) is divided by b(0)?
12
Suppose -2*o = 8, -5*o + 4 = 2*f - 12. What is the remainder when f is divided by 10?
8
Let c = 112 - 75. Let j(n) = -6*n + 1. Calculate the remainder when c is divided by j(-3).
18
Suppose -3*j = -6*j + 120. Let z = j + -19. What is the remainder when z is divided by 12?
9
Suppose 0 = -3*w + 3*y + 366, w - 523 = -3*w - 3*y. What is the remainder when w is divided by 44?
39
Suppose 20*d - 258 = 18*d. What is the remainder when d is divided by 33?
30
Suppose -i = 2*i - 57. What is the remainder when 2 - (1 - -3) - -37 is divided by i?
16
Suppose -n + 7 = 3. What is the remainder when 10 is divided by n?
2
Suppose -3*g + 52 = -17. What is the remainder when 43 is divided by g?
20
Let a be -2 - (-4 + -5 + 3). Calculate the remainder when 10/a*(0 - -2) is divided by 2.
1
Suppose -f = 4*o - 0*f - 14, -7 = -3*o + f. Suppose d + 3 = o*g + 17, -g = 4*d - 56. Suppose u - 2*u = -d. What is the remainder when 26 is divided by u?
12
Suppose 0*s + 2*s = -40. Let u = -2 - s. Calculate the remainder when 16/3*(1 - 105/(-12)) is divided by u.
16
What is the remainder when 73 is divided by 4/24 - (-221)/6?
36
Suppose -5*o + 3*p + 27 = -2*o, 4 = p. Calculate the remainder when 34 is divided by o.
8
Let o(n) be the second derivative of n**3/6 - 3*n. Let c(v) = -v**3 + 5*v**2 + 7. Let x(p) = -c(p) - 6*o(p). Calculate the remainder when x(7) is divided by 17.
15
Suppose 8*y - 7*y - 17 = 0. Calculate the remainder when y is divided by 10.
7
Let q(f) = 15*f**2 - 2*f - 2. What is the remainder when 57 is divided by q(-1)?
12
Let k(g) = -g**3 - 2*g**2 - 2*g - 1. Let x be k(-1). Suppose -4*u + 2*u + 52 = x. Calculate the remainder when u is divided by 9.
8
Suppose 5*c - b = 92, 4*b = -3*c + 2*c + 10. Suppose -5*n = -3*n - 68. What is the remainder when n is divided by c?
16
Suppose d + h - 53 = -d, 3*d - 79 = -2*h. Let s = 41 - d. Let t(a) = a**3 - 5*a**2 - 2*a + 3. What is the remainder when t(6) is divided by s?
13
Let a = -37 - -15. Let z be 36/(-14)*(a + 1). What is the remainder when 22 is divided by z/7 + 4/14?
6
Let j(x) = 12*x + 1. Let u be j(-5). Let n = u - -134. What is the remainder when n is divided by 11?
9
Let j = 11 - -27. Suppose 3*l = -b + j, 3*b + 0*l = -l + 98. Let u(y) = -10*y**3 + y**2 - y - 1. What is the remainder when b is divided by u(-1)?
10
Suppose -3*m + 2*a + 119 = -0*a, 4*a - 49 = -m. Let j = -2 + 2. Suppose -4*o + 117 - m = j. What is the remainder when o is divided by 10?
9
Let k = 16 + -4. Suppose -3*m - 6 = 0, -5*u + 9*m - 11*m + 166 = 0. What is the remainder when u is divided by k?
10
Let u = 3 + 6. Suppose d + d = -3*z - 9, 2*z + 10 = 0. Suppose -3*w = 2*w, -v + d*w + 24 = 0. What is the remainder when v is divided by u?
6
Let m = 53 + -43. Calculate the remainder when 17 is divided by m.
7
Let c(v) = v**3 - 6*v**2 + 8*v - 7. What is the remainder when c(5) is divided by 8?
0
Let m = 5 - 3. Suppose -m*b + 0*b = -36. What is the remainder when 35 is divided by b?
17
Let b = -78 + 148. Calculate the remainder when b is divided by ((-24)/18)/(2/(-36)).
22
Let m = -2 - -18. What is the remainder when 47 is divided by m?
15
Let o(i) = -7*i + 12. Let x(v) = 6*v - 11. Let p(n) = -3*o(n) - 4*x(n). Suppose -y = 2*y - 27. Calculate the remainder when p(-6) is divided by y.
8
Let n = -30 - -45. Let f(y) = 0 + 4 + n*y**2 - 3. Calculate the remainder when 46 is divided by f(1).
14
Suppose 3*p = 3*y + 60, -72 = -4*p + 6*y - 10*y. What is the remainder when 148 is divided by p?
15
Let y be (-3)/12 - 7/4. Let q = y + 5. What is the remainder when q is divided by 3?
0
Suppose -3*f + 79 = -29. Calculate the remainder when f is divided by 13.
10
Suppose g = 17 - 13. Suppose -2 - 6 = -g*c. What is the remainder when c is divided by 2?
0
Suppose -3*t + 28 = -t. What is the remainder when 53 is divided by t?
11
Suppose 2*r = 2*p + 2, -p - 6 - 3 = 3*r. Suppose 13 = -5*m + 48. What is the remainder when (3/2)/(r/(-16)) is divided by m?
5
Let o be (-4)/(-10) + 238/5. Suppose -2*c - 2*c = -o. What is the remainder when (-34)/(-1 - 0) - -1 is divided by c?
11
What is the remainder when 45 is divided by 10/45 - 106/(-9)?
9
Let r(u) = u**2 - u + 6. Suppose 4*w + 33 - 108 = -5*x, -4*w + 105 = -x. What is the remainder when r(7) is divided by w?
23
Suppose -3*k + 6 = 0, 0 = 5*i + 2*k - 222 + 23. Suppose -3*u + 3*f = -2*u - 22, u - 26 = 4*f. What is the remainder when i is divided by u?
9
Suppose 67 = 3*s - 68. Suppose -a + s = -53. What is the remainder when a is divided by 25?
23
Let m(r) = r**3 + r + 5. Let v(x) = x**3 - x**2 - x + 1. Let f(a) = -m(a) + 2*v(a). Calculate the remainder when f(4) is divided by 5.
2
Let c = 196 - 174. Calculate the remainder when 54 is divided by c.
10
Let w = -259 + 129. Let o be (0 - 21)*8/(-12). What is the remainder when 34 is divided by 6/(-21) - w/o?
7
What is the remainder when 10 is divided by -4 + -3 + 6 + 7?
4
Let c = -31 + 80. Let p = -73 - -86. What is the remainder when c is divided by p?
10
Let x(c) = 4*c**2 + 2*c + 1. Let l(z) = z**3 - 5*z**2 - 6*z + 4. What is the remainder when l(6) is divided by x(-1)?
1
Let o(n) = 4 - 10*n - 3 + 14*n. What is the remainder when o(4) is divided by 10?
7
Suppose w = -y + 3*w + 5, 0 = -w - 2. Suppose 0 = -b + y - 4, 5*g - 68 = b. What is the remainder when 51 is divided by g?
12
Let v be (-29)/(-9) + 8/(-36). Suppose v*x + 5*i = i + 223, 3*x + 2*i = 221. What is th